a**3 - 10*a**2 + 18*a - 14. Let z be y(8). Suppose z*q = -6*q + 1144. What is the greatest common factor of 11 and q?
11
Let m be (-25)/15*3*(-2)/(-2). Let b be m*7/(-42) - (-2)/12. Calculate the highest common divisor of 23 and b.
1
Suppose -7*n = 35*n - 2100. What is the highest common factor of n and 550?
50
Let w(i) = 19*i**3 - 2*i**2 + 3*i - 2. Let f be w(1). Let n(y) = -2 + 18*y + 2. Let h be n(3). Calculate the greatest common divisor of h and f.
18
Suppose 0 = -6*y - 136 + 436. Let k = y - 29. Let c = 3 - -4. What is the highest common factor of k and c?
7
Let s be (-2040)/(-184) + 8/92*-1. Calculate the greatest common divisor of 363 and s.
11
Let k(o) = -o + 1. Let p = -10 + 16. Let f = p + -8. Let d be k(f). Calculate the greatest common divisor of d and 3.
3
Let m = 14 + -28. Let g = m + 9. Let d be 1/g - 492/(-10). What is the greatest common divisor of 7 and d?
7
Let n be (-4 + 34/7)/((-10)/(-490)). Calculate the greatest common factor of 266 and n.
14
Let r be ((-21965)/(-20) - 10/40)/2. What is the highest common factor of 18 and r?
9
Suppose 2*h + 316 = 4*n, 156 = -h + n - 1. Let c = h - -106. Let d = c + 76. What is the greatest common factor of d and 13?
13
Let u = -41 + 47. Suppose -319 = -u*l + 53. Calculate the greatest common factor of 93 and l.
31
Let f = 12 + -2. Let h be 5/f + (-11)/(-2). Calculate the highest common divisor of h and 30.
6
Suppose -3*z + 29 = -3*f + 5*f, -5*f - 4*z = -62. Calculate the highest common factor of f and 115.
5
Let s(l) = l**3 + 15*l**2 + 12*l + 17. Let m be s(-14). Let x = m + -21. Suppose -3*z + x = z. What is the greatest common factor of z and 54?
6
Suppose -4*g + 2*h + 132 = 0, 7*g - 5*h = 4*g + 99. What is the greatest common factor of 24 and g?
3
Suppose -n = -1 - 4. Suppose 0 = n*p + 11 - 61. Let b = 89 - 19. Calculate the highest common factor of p and b.
10
Suppose 0*f + 28 = f. Suppose 0 = 4*k + 8 - f. Suppose 5*o + 59 - 6 = 3*t, 0 = t - k*o - 21. What is the greatest common factor of 8 and t?
8
Suppose 4624 = -19*n + 36*n. Calculate the greatest common divisor of 238 and n.
34
Let d = -1848 - -2308. Calculate the greatest common divisor of d and 20.
20
Let y = 164 + -101. Suppose 8*a = y + 73. What is the highest common factor of 34 and a?
17
Let s be 1174/26 - 16/104. Suppose -s = 5*t - 4*t. Let g = -23 - t. What is the highest common factor of 242 and g?
22
Let a = -99 + 204. Let g = 115 - a. What is the greatest common divisor of g and 140?
10
Suppose -15*u + 6 = -14*u. Let n(p) = 9*p + 18. Let r be n(u). Suppose 6*b + 3*v - 42 = 3*b, 2*v + 17 = 3*b. What is the highest common divisor of r and b?
9
Suppose 36*p + 1240 = 46*p. What is the greatest common divisor of 4 and p?
4
Suppose 0 = 7*u - 13*u + 6. Let m = 1 + 1. Let w = u + m. What is the highest common factor of 9 and w?
3
Let k(r) = -21*r + 26. Let m be k(1). Calculate the greatest common factor of 15 and m.
5
Let a be (-32)/80*(-9 - 1). Suppose 24 = -a*c + 8*c. What is the greatest common factor of 3 and c?
3
Let o = 361 - -475. What is the greatest common factor of o and 33?
11
Let h = -392 - -561. Calculate the greatest common divisor of h and 13.
13
Let w = 20 + -24. Suppose -6*y = -y + 60. Let n be (0 - w)/(-4)*y. What is the greatest common factor of 108 and n?
12
Let b(y) = -y**3 - y**2 + y + 24. Let n be b(0). Suppose n = c + 5. Let r be 6/(-2) - (-170 + -4). Calculate the highest common divisor of c and r.
19
Let r(q) = 10*q - 24. Let k be r(11). Suppose 0 = v - 1, -h + 31 = 2*v - k. Calculate the greatest common divisor of 23 and h.
23
Suppose -3*n = -67 + 1. Let v be (-26)/117 + ((-580)/(-18) - -1). What is the greatest common divisor of v and n?
11
Let i be ((-5)/(-9 - 1))/(1/128). Let v = i + 0. Calculate the greatest common factor of v and 16.
16
Let q = 121 + -110. Suppose 3*w + 4*b + 17 = 0, -3*b = -4*w - 2*b + 9. What is the highest common divisor of w and q?
1
Let t = -412 + 682. What is the highest common factor of t and 10?
10
Let i(y) = -3 + 3 + 7*y - 21*y + 4. Let k be i(-4). Calculate the greatest common divisor of 15 and k.
15
Let s be (24/(-15))/((-4)/20). Suppose -2*t + 4 + s = 0. Calculate the highest common divisor of 4 and t.
2
Suppose 2*n - 11 = -5. Suppose n*a - 72 = -a. Suppose -6*x + 9*x = 6. What is the highest common factor of a and x?
2
Suppose 302 = -4*n - 242. Let u = -55 - n. What is the highest common divisor of 9 and u?
9
Let v be (-60 + 2)/(-1) + -3. Let o be -4*v*(-4)/8. Suppose -4*h + 0*h = -40. Calculate the greatest common divisor of o and h.
10
Let d be (-6)/4*482/3. Let m = -172 - d. Calculate the highest common factor of m and 23.
23
Let i(y) = y**3 + 16*y**2 - 21*y - 41. Suppose -5*s - 104 = -19. Let h be i(s). What is the highest common divisor of 18 and h?
9
Let x = 1301 - 1165. What is the highest common factor of 408 and x?
136
Let l be (-5*(-2)/8)/(7/56). Suppose 11*f - 12 = l*f. What is the greatest common divisor of 96 and f?
12
Suppose -1614*n = -1608*n - 288. Let a = -35 + 59. Calculate the highest common factor of a and n.
24
Suppose -342 = -5*g - 4*j, -j - 348 = -5*g - 2*j. What is the highest common divisor of 40 and g?
10
Let i be (-8)/2 + 4 - (-2 - 208). Suppose 2*b - 7*b + 5*j = -i, b - 42 = 2*j. What is the highest common divisor of b and 6?
6
Let q be -6 - (-44)/7 - (-1116)/14. Let v be -1 + 3 + 3/(6/q). What is the greatest common divisor of v and 6?
6
Suppose 7*f + 134 = 764. Suppose -g + 0*g + 10 = 0. What is the greatest common factor of g and f?
10
Let q(r) = -r**3 + 7*r**2 - 8*r - 5. Let a be q(6). Suppose 3*b - 7*b = 84. Let w = a - b. What is the greatest common divisor of 44 and w?
4
Let a be (1 + 34)*(-468)/(-20) - -1. Calculate the greatest common factor of a and 20.
20
Let h = -2013 + 2116. Calculate the highest common factor of 4223 and h.
103
Suppose -12 = 4*a - 56. Let c(s) = s**2 + 6*s - 1. Let w be c(-7). Let d(h) = 21*h - 5. Let z be d(w). Calculate the greatest common divisor of z and a.
11
Let b(k) = -23*k**2 - k + 7. Let v be b(3). Let f = v - -303. Calculate the greatest common divisor of 40 and f.
20
Let i(w) = -12*w - 1. Let f be i(-2). Let t = -11 + f. Calculate the greatest common factor of 12 and t.
12
Suppose 268*c - 279*c + 2233 = 0. What is the highest common divisor of c and 29?
29
Suppose -12*t = -8*t - 40. Let f be (2 - 25/t)*-20. Suppose -2*p - 60 = -4*p. Calculate the highest common divisor of f and p.
10
Let n(r) = 3*r - 20. Let j be 4/8*20 + -2. Let v be n(j). Suppose -2*h + 24 = -2*g - 96, -48 = -h + v*g. What is the greatest common divisor of 8 and h?
8
Let n be ((-2)/5)/((19/90)/(-19)). Calculate the highest common factor of 423 and n.
9
Let v(j) = -j + 12. Let u be v(12). Let w = 8 - u. Let x be ((-10)/w)/(1/(-4)). Calculate the highest common factor of 1 and x.
1
Let o be 2/(-5) + (-5)/(150/(-2742)). Calculate the greatest common factor of 39 and o.
13
Let b = 300 - 204. Let w = -40 + b. What is the greatest common factor of 14 and w?
14
Let d be (-4)/(-6)*(-189)/(-42) + 457. Calculate the greatest common factor of 69 and d.
23
Let x = -10 + 21. Let l be 2 + x - -4 - -4. What is the highest common factor of 231 and l?
21
Suppose 5*d = d + 124. Suppose -2*r + p - 3 = -r, -d = -3*r - 5*p. Let o be (-2997)/(-21) - r/(-7). What is the greatest common factor of 13 and o?
13
Let v = 1185 + -1096. What is the greatest common divisor of 2047 and v?
89
Let j be (4 - 3)*(-2 - -2). Suppose 5*v + 5 = 0, j*h - 139 = -5*h + 4*v. What is the highest common factor of 3 and h?
3
Suppose 0 = 7*o - 14 - 0. Let i be (-7)/(-14) - (-383)/o. Calculate the highest common divisor of i and 48.
48
Suppose 2*b + 2*t - 6 = 0, 3*b + 2*b + 1 = -t. Let h be b*1/((-4)/(-4)) + 13. Calculate the greatest common divisor of h and 108.
12
Let q(s) = 33*s + 10. Let c be (38/(-57))/(4/(-30)). Let d be q(c). Calculate the highest common factor of d and 25.
25
Let h = -76 + 501. What is the highest common divisor of 50 and h?
25
Let o be -4 - (-3 + 1) - -2. Suppose o = -m + 5*b - 1, -3*m = 3*b + 2*b - 37. Let j be 4/14 + (-2244)/(-84). Calculate the greatest common divisor of m and j.
9
Suppose 0*h = 2*h - 3*v - 74, 0 = -4*h - 2*v + 132. Let y = h + -26. What is the greatest common factor of 24 and y?
8
Let a(l) = -1 + 1 - 1 + l + 94*l**2. Let p b